{"id":469,"date":"2025-01-13T17:21:10","date_gmt":"2025-01-13T16:21:10","guid":{"rendered":"https:\/\/symbiosenormandie.fr\/?post_type=product&#038;p=469"},"modified":"2025-01-13T17:21:10","modified_gmt":"2025-01-13T16:21:10","slug":"arbousier-2","status":"publish","type":"product","link":"https:\/\/symbiosenormandie.fr\/index.php\/produit\/arbousier-2\/","title":{"rendered":"Arbousier"},"content":{"rendered":"<p><strong><u>Pr\u00e9sentation<\/u><\/strong><strong> :<\/strong><\/p>\n<p>Nom latin : Arbutus unedo.<\/p>\n<p>Autre nom commun : Arbre aux fraises, Fr\u00f4le, Olonier.<\/p>\n<p>Famille botanique : Ericac\u00e9es.<\/p>\n<p>&nbsp;<\/p>\n<p><strong><u>Caract\u00e9ristiques<\/u><\/strong><strong> :<\/strong><\/p>\n<p>Taille et croissance : Jusqu&rsquo;\u00e0 3m, croissance lente.<\/p>\n<p>Port : Buissonnant.<\/p>\n<p>Feuillage : Persistant.<\/p>\n<p>Floraison : De septembre \u00e0 d\u00e9cembre.<\/p>\n<p>Fructification : De septembre \u00e0 novembre.<\/p>\n<p>Rusticit\u00e9 : -12\u00b0C<\/p>\n<p>Type de sol : Drain\u00e9<\/p>\n<p><strong><u>Utilisation(s)\/int\u00e9r\u00eat(s)<\/u><\/strong><strong> :<\/strong><\/p>\n<p>-Mellif\u00e8re.<\/p>\n<p>-Fruits comestibles.<\/p>\n<p>D\u2019origine m\u00e9diterran\u00e9enne, l\u2019Arbousier est un\u00a0arbuste \u00e0 croissance lente au feuillage persistant et d\u00e9coratif. Rustique jusqu\u2019\u00e0 -12\u00b0C, l\u2019Arbousier produit des branches tortueuses \u00e0 l\u2019\u00e9corce brun rouge\u00e2tre. Les feuilles elliptiques, de 6 \u00e0 9 cm de long, sont l\u00e9g\u00e8rement dent\u00e9es sur les bords, vert sombre, luisantes sur le dessus.<\/p>\n<p>La floraison a lieu \u00e0 partir de fin ao\u00fbt, sous forme de clochettes blanches\u00a0rappelant celles du muguet. Un an apr\u00e8s, ces\u00a0fleurs mellif\u00e8res\u00a0auront donn\u00e9 des fruits de 3 \u00e0 4 cm de diam\u00e8tre, de couleur jaune orang\u00e9 puis rouge \u00e0 maturit\u00e9. Ainsi,\u00a0\u00e0 l\u2019automne, cet arbrisseau portera simultan\u00e9ment des fleurs et des fruits. Les arbouses ressemblant aux fraises ont une peau granuleuse et une chair jaune contenant de nombreux petits p\u00e9pins. Elles se r\u00e9coltent lorsqu\u2019elles sont rouges et tendres au toucher. Ces fruits au go\u00fbt acidul\u00e9 et sucr\u00e9 se consomment cuits, en confitures, gel\u00e9es ou liqueur.<\/p>\n","protected":false},"excerpt":{"rendered":"<p><em>Arbutus unedo\u00a0<\/em><\/p>\n","protected":false},"featured_media":470,"comment_status":"open","ping_status":"closed","template":"","meta":[],"product_brand":[],"product_cat":[20,37,43,35,41],"product_tag":[],"class_list":{"0":"post-469","1":"product","2":"type-product","3":"status-publish","4":"has-post-thumbnail","6":"product_cat-arbres","7":"product_cat-arbres-fruitiers","8":"product_cat-comestible","9":"product_cat-mellifere","10":"product_cat-persistants","12":"first","13":"instock","14":"shipping-taxable","15":"purchasable","16":"product-type-simple"},"jetpack_sharing_enabled":true,"_links":{"self":[{"href":"https:\/\/symbiosenormandie.fr\/index.php\/wp-json\/wp\/v2\/product\/469","targetHints":{"allow":["GET"]}}],"collection":[{"href":"https:\/\/symbiosenormandie.fr\/index.php\/wp-json\/wp\/v2\/product"}],"about":[{"href":"https:\/\/symbiosenormandie.fr\/index.php\/wp-json\/wp\/v2\/types\/product"}],"replies":[{"embeddable":true,"href":"https:\/\/symbiosenormandie.fr\/index.php\/wp-json\/wp\/v2\/comments?post=469"}],"wp:featuredmedia":[{"embeddable":true,"href":"https:\/\/symbiosenormandie.fr\/index.php\/wp-json\/wp\/v2\/media\/470"}],"wp:attachment":[{"href":"https:\/\/symbiosenormandie.fr\/index.php\/wp-json\/wp\/v2\/media?parent=469"}],"wp:term":[{"taxonomy":"product_brand","embeddable":true,"href":"https:\/\/symbiosenormandie.fr\/index.php\/wp-json\/wp\/v2\/product_brand?post=469"},{"taxonomy":"product_cat","embeddable":true,"href":"https:\/\/symbiosenormandie.fr\/index.php\/wp-json\/wp\/v2\/product_cat?post=469"},{"taxonomy":"product_tag","embeddable":true,"href":"https:\/\/symbiosenormandie.fr\/index.php\/wp-json\/wp\/v2\/product_tag?post=469"}],"curies":[{"name":"wp","href":"https:\/\/api.w.org\/{rel}","templated":true}]}}