{"id":404,"date":"2024-10-17T09:05:19","date_gmt":"2024-10-17T07:05:19","guid":{"rendered":"https:\/\/symbiosenormandie.fr\/?post_type=product&#038;p=404"},"modified":"2024-10-18T09:53:12","modified_gmt":"2024-10-18T07:53:12","slug":"epine-vinette-de-thunberg","status":"publish","type":"product","link":"https:\/\/symbiosenormandie.fr\/index.php\/produit\/epine-vinette-de-thunberg\/","title":{"rendered":"\u00c9pine-vinette de Thunberg"},"content":{"rendered":"<p><strong><u>Pr\u00e9sentation<\/u><\/strong><strong> :<\/strong><\/p>\n<p>Nom latin : Berberis thunbergii.<\/p>\n<p>Autre nom commun : \u00c9pine-vinette du Japon.<\/p>\n<p>Famille botanique : Berberidac\u00e9es.<\/p>\n<p>&nbsp;<\/p>\n<p><strong><u>Caract\u00e9ristiques<\/u><\/strong><strong> :<\/strong><\/p>\n<p>Taille et croissance : jusqu&rsquo;\u00e0 2m, croissance moyenne.<\/p>\n<p>Port : Arbustif.<\/p>\n<p>Feuillage : Caduc.<\/p>\n<p>Floraison : Mai (autofertile).<\/p>\n<p>&nbsp;<\/p>\n<p><strong><u>Utilisation(s)\/int\u00e9r\u00eat(s)<\/u><\/strong><strong> :<\/strong><\/p>\n<p>-Fruits et feuilles comestibles.<\/p>\n<p>-Haie d\u00e9fensive (\u00e9pineux).<\/p>\n<p>&nbsp;<\/p>\n<p><strong><u>Conditions de culture<\/u><\/strong><strong> :<\/strong><\/p>\n<p>Rusticit\u00e9 : Jusqu&rsquo;\u00e0 environ -25\u00b0C.<\/p>\n<p>Type de sol : Tout type de sol m\u00eame argileux lourd.<\/p>\n<p>Exposition\/vent : Mi-ombre ou soleil.<\/p>\n<p>Besoins en eau : Sol sec ou humide.<\/p>\n<p>Taille : peut \u00eatre taill\u00e9 sans probl\u00e8me.<\/p>\n","protected":false},"excerpt":{"rendered":"<p>Pr\u00e9sentation : Nom latin : Berberis thunbergii. Autre nom commun : \u00c9pine-vinette du Japon. Famille botanique : Berberidac\u00e9es. &nbsp; Caract\u00e9ristiques : Taille et croissance : &hellip;<\/p>\n","protected":false},"featured_media":405,"comment_status":"open","ping_status":"closed","template":"","meta":[],"product_brand":[],"product_cat":[19,43,40],"product_tag":[],"class_list":{"0":"post-404","1":"product","2":"type-product","3":"status-publish","4":"has-post-thumbnail","6":"product_cat-arbustes","7":"product_cat-comestible","8":"product_cat-ornemental-2","10":"first","11":"instock","12":"shipping-taxable","13":"purchasable","14":"product-type-simple"},"jetpack_sharing_enabled":true,"_links":{"self":[{"href":"https:\/\/symbiosenormandie.fr\/index.php\/wp-json\/wp\/v2\/product\/404","targetHints":{"allow":["GET"]}}],"collection":[{"href":"https:\/\/symbiosenormandie.fr\/index.php\/wp-json\/wp\/v2\/product"}],"about":[{"href":"https:\/\/symbiosenormandie.fr\/index.php\/wp-json\/wp\/v2\/types\/product"}],"replies":[{"embeddable":true,"href":"https:\/\/symbiosenormandie.fr\/index.php\/wp-json\/wp\/v2\/comments?post=404"}],"wp:featuredmedia":[{"embeddable":true,"href":"https:\/\/symbiosenormandie.fr\/index.php\/wp-json\/wp\/v2\/media\/405"}],"wp:attachment":[{"href":"https:\/\/symbiosenormandie.fr\/index.php\/wp-json\/wp\/v2\/media?parent=404"}],"wp:term":[{"taxonomy":"product_brand","embeddable":true,"href":"https:\/\/symbiosenormandie.fr\/index.php\/wp-json\/wp\/v2\/product_brand?post=404"},{"taxonomy":"product_cat","embeddable":true,"href":"https:\/\/symbiosenormandie.fr\/index.php\/wp-json\/wp\/v2\/product_cat?post=404"},{"taxonomy":"product_tag","embeddable":true,"href":"https:\/\/symbiosenormandie.fr\/index.php\/wp-json\/wp\/v2\/product_tag?post=404"}],"curies":[{"name":"wp","href":"https:\/\/api.w.org\/{rel}","templated":true}]}}