{"id":371,"date":"2024-10-14T13:57:17","date_gmt":"2024-10-14T11:57:17","guid":{"rendered":"https:\/\/symbiosenormandie.fr\/?post_type=product&#038;p=371"},"modified":"2024-10-18T09:30:18","modified_gmt":"2024-10-18T07:30:18","slug":"indigotier-rose","status":"publish","type":"product","link":"https:\/\/symbiosenormandie.fr\/index.php\/produit\/indigotier-rose\/","title":{"rendered":"Indigotier rose"},"content":{"rendered":"<p>&nbsp;<\/p>\n<p class=\"Standard\"><b><u><span style=\"font-size: 10.0pt;\">Pr\u00e9sentation\u00a0:<\/span><\/u><\/b><\/p>\n<p class=\"Standard\"><span style=\"font-size: 10.0pt;\">Nom latin\u00a0: Indigofera gerardiana.<\/span><\/p>\n<p class=\"Standard\"><span style=\"font-size: 10.0pt;\">\u00a0<\/span><span style=\"font-size: 10.0pt;\">Autre nom commun\u00a0:\u00a0Indigotier de l&rsquo;Himalaya.<\/span><\/p>\n<p class=\"Standard\"><span style=\"font-size: 10.0pt;\">\u00a0<\/span><span style=\"font-size: 10.0pt;\">Famille botanique :\u00a0Fabac\u00e9es.<\/span><\/p>\n<p class=\"Standard\"><b><u><span style=\"font-size: 10.0pt;\">Caract\u00e9ristiques\u00a0:<\/span><\/u><\/b><\/p>\n<p class=\"Standard\"><span style=\"font-size: 10.0pt;\">Taille et croissance\u00a0:\u00a0Jusqu&rsquo;\u00e0 3 m\u00e8tres.<\/span><\/p>\n<p class=\"Standard\"><span style=\"font-size: 10.0pt;\">\u00a0<\/span><span style=\"font-size: 10.0pt;\">Port\u00a0:\u00a0Buissonnant.<\/span><\/p>\n<p class=\"Standard\"><span style=\"font-size: 10.0pt;\">\u00a0<\/span><span style=\"font-size: 10.0pt;\">Feuillage\u00a0:\u00a0Caduc, feuilles compos\u00e9es.<\/span><\/p>\n<p class=\"Standard\"><span style=\"font-size: 10.0pt;\">\u00a0<\/span><span style=\"font-size: 10.0pt;\">Floraison\u00a0:\u00a0D\u2019ao\u00fbt \u00e0 septembre, fleurs roses en \u00e9pis dress\u00e9s.<\/span><\/p>\n<p class=\"Standard\"><b><u><span style=\"font-size: 10.0pt;\">Utilisation(s)\/int\u00e9r\u00eat(s)\u00a0:<\/span><\/u><\/b><\/p>\n<p class=\"Standard\"><span style=\"font-size: 10.0pt;\">-Mellif\u00e8re.<\/span><\/p>\n<p class=\"Standard\"><span style=\"font-size: 10.0pt;\">\u00a0<\/span><span style=\"font-size: 10.0pt;\">-Fixateur d&rsquo;azote.<\/span><\/p>\n<p class=\"Standard\"><span style=\"font-size: 10.0pt;\">\u00a0<\/span><span style=\"font-size: 10.0pt;\">-Potentiellement fourrager.<\/span><\/p>\n<p class=\"Standard\"><b><u><span style=\"font-size: 10.0pt;\">Conditions de culture\u00a0:<\/span><\/u><\/b><\/p>\n<p class=\"Standard\"><span style=\"font-size: 10.0pt;\">Rusticit\u00e9\u00a0:\u00a0Jusqu&rsquo;\u00e0 environ -15\u00b0C.<\/span><\/p>\n<p class=\"Standard\"><span style=\"font-size: 10.0pt;\">\u00a0<\/span><span style=\"font-size: 10.0pt;\">Type de sol\u00a0:\u00a0Tous types de sols bien drain\u00e9s, tout PH m\u00eame tr\u00e8s alcalin.<\/span><\/p>\n<p class=\"Standard\"><span style=\"font-size: 10.0pt;\">\u00a0<\/span><span style=\"font-size: 10.0pt;\">Exposition\/vent\u00a0:\u00a0Soleil ou ombre l\u00e8g\u00e8re, prot\u00e9ger des vents froids.<\/span><\/p>\n<p class=\"Standard\"><span style=\"font-size: 10.0pt;\">\u00a0<\/span><span style=\"font-size: 10.0pt;\">Besoins en eau\u00a0:\u00a0Tol\u00e8re la s\u00e9cheresse.<\/span><\/p>\n<p class=\"Standard\"><span style=\"font-size: 10.0pt;\">\u00a0<\/span><span style=\"font-size: 10.0pt;\">Taille\u00a0:\u00a0Peut \u00eatre rec\u00e9p\u00e9 chaque ann\u00e9e \u00e0 la fin de l&rsquo;hiver.<\/span><\/p>\n","protected":false},"excerpt":{"rendered":"<p>&nbsp; Pr\u00e9sentation\u00a0: Nom latin\u00a0: Indigofera gerardiana. \u00a0Autre nom commun\u00a0:\u00a0Indigotier de l&rsquo;Himalaya. \u00a0Famille botanique :\u00a0Fabac\u00e9es. Caract\u00e9ristiques\u00a0: Taille et croissance\u00a0:\u00a0Jusqu&rsquo;\u00e0 3 m\u00e8tres. \u00a0Port\u00a0:\u00a0Buissonnant. \u00a0Feuillage\u00a0:\u00a0Caduc, feuilles compos\u00e9es. \u00a0Floraison\u00a0:\u00a0D\u2019ao\u00fbt &hellip;<\/p>\n","protected":false},"featured_media":372,"comment_status":"open","ping_status":"closed","template":"","meta":[],"product_brand":[],"product_cat":[19,33,35],"product_tag":[],"class_list":{"0":"post-371","1":"product","2":"type-product","3":"status-publish","4":"has-post-thumbnail","6":"product_cat-arbustes","7":"product_cat-fixateur-dazote","8":"product_cat-mellifere","10":"first","11":"instock","12":"shipping-taxable","13":"purchasable","14":"product-type-simple"},"jetpack_sharing_enabled":true,"_links":{"self":[{"href":"https:\/\/symbiosenormandie.fr\/index.php\/wp-json\/wp\/v2\/product\/371","targetHints":{"allow":["GET"]}}],"collection":[{"href":"https:\/\/symbiosenormandie.fr\/index.php\/wp-json\/wp\/v2\/product"}],"about":[{"href":"https:\/\/symbiosenormandie.fr\/index.php\/wp-json\/wp\/v2\/types\/product"}],"replies":[{"embeddable":true,"href":"https:\/\/symbiosenormandie.fr\/index.php\/wp-json\/wp\/v2\/comments?post=371"}],"wp:featuredmedia":[{"embeddable":true,"href":"https:\/\/symbiosenormandie.fr\/index.php\/wp-json\/wp\/v2\/media\/372"}],"wp:attachment":[{"href":"https:\/\/symbiosenormandie.fr\/index.php\/wp-json\/wp\/v2\/media?parent=371"}],"wp:term":[{"taxonomy":"product_brand","embeddable":true,"href":"https:\/\/symbiosenormandie.fr\/index.php\/wp-json\/wp\/v2\/product_brand?post=371"},{"taxonomy":"product_cat","embeddable":true,"href":"https:\/\/symbiosenormandie.fr\/index.php\/wp-json\/wp\/v2\/product_cat?post=371"},{"taxonomy":"product_tag","embeddable":true,"href":"https:\/\/symbiosenormandie.fr\/index.php\/wp-json\/wp\/v2\/product_tag?post=371"}],"curies":[{"name":"wp","href":"https:\/\/api.w.org\/{rel}","templated":true}]}}