{"id":290,"date":"2024-09-05T17:57:03","date_gmt":"2024-09-05T15:57:03","guid":{"rendered":"https:\/\/symbiosenormandie.fr\/?post_type=product&#038;p=290"},"modified":"2024-10-18T09:51:02","modified_gmt":"2024-10-18T07:51:02","slug":"poirier-de-chine","status":"publish","type":"product","link":"https:\/\/symbiosenormandie.fr\/index.php\/produit\/poirier-de-chine\/","title":{"rendered":"Poirier de Chine"},"content":{"rendered":"<p><u>Pr\u00e9sentation<\/u>\u00a0:<\/p>\n<p>Nom latin : Pyrus calleryana.<\/p>\n<p>Famille botanique : Rosaceae.<\/p>\n<p>Autre nom commun : Poirier d&rsquo;ornement.<\/p>\n<p>&nbsp;<\/p>\n<p><u>Caract\u00e9ristiques<\/u>\u00a0:<\/p>\n<p>Taille et croissance : 10 m\u00e8tres \u00e0 croissance normale.<\/p>\n<p>Port : Conique, pyramidal.<\/p>\n<p>Feuillage : Caduc.<\/p>\n<p>Floraison : Mars \u00e0 avril.<\/p>\n<p>&nbsp;<\/p>\n<p><u>Utilisation(s)\/int\u00e9r\u00eat(s)<\/u>\u00a0:<\/p>\n<p>-Tr\u00e8s mellif\u00e8re.<\/p>\n<p>-Ornemental.<\/p>\n<p>-Peut \u00eatre plant\u00e9 dens\u00e9ment (1 par m2) pour faire une haie brise vent.<\/p>\n<p>&nbsp;<\/p>\n<p><u>Conditions de culture<\/u>\u00a0:<\/p>\n<p>Rusticit\u00e9 : -23\u00b0C.<\/p>\n<p>Type de sol : N\u2019est pas trop exigeant mais pr\u00e9f\u00e8re un sol frais et drain\u00e9.<\/p>\n<p>Exposition\/vent : Soleil, supporte bien le vent.<\/p>\n<p>Besoins en eau : Limit\u00e9<\/p>\n<p>Taille : Conseill\u00e9e une fois par an, branches mortes ou qui s\u2019entrecroisent.<\/p>\n","protected":false},"excerpt":{"rendered":"<p><em>Pyrus calleryana<\/em><\/p>\n<p>Famille botanique : Rosaceae<\/p>\n","protected":false},"featured_media":291,"comment_status":"open","ping_status":"closed","template":"","meta":[],"product_brand":[],"product_cat":[20,35,40],"product_tag":[],"class_list":{"0":"post-290","1":"product","2":"type-product","3":"status-publish","4":"has-post-thumbnail","6":"product_cat-arbres","7":"product_cat-mellifere","8":"product_cat-ornemental-2","10":"first","11":"instock","12":"shipping-taxable","13":"purchasable","14":"product-type-simple"},"jetpack_sharing_enabled":true,"_links":{"self":[{"href":"https:\/\/symbiosenormandie.fr\/index.php\/wp-json\/wp\/v2\/product\/290","targetHints":{"allow":["GET"]}}],"collection":[{"href":"https:\/\/symbiosenormandie.fr\/index.php\/wp-json\/wp\/v2\/product"}],"about":[{"href":"https:\/\/symbiosenormandie.fr\/index.php\/wp-json\/wp\/v2\/types\/product"}],"replies":[{"embeddable":true,"href":"https:\/\/symbiosenormandie.fr\/index.php\/wp-json\/wp\/v2\/comments?post=290"}],"wp:featuredmedia":[{"embeddable":true,"href":"https:\/\/symbiosenormandie.fr\/index.php\/wp-json\/wp\/v2\/media\/291"}],"wp:attachment":[{"href":"https:\/\/symbiosenormandie.fr\/index.php\/wp-json\/wp\/v2\/media?parent=290"}],"wp:term":[{"taxonomy":"product_brand","embeddable":true,"href":"https:\/\/symbiosenormandie.fr\/index.php\/wp-json\/wp\/v2\/product_brand?post=290"},{"taxonomy":"product_cat","embeddable":true,"href":"https:\/\/symbiosenormandie.fr\/index.php\/wp-json\/wp\/v2\/product_cat?post=290"},{"taxonomy":"product_tag","embeddable":true,"href":"https:\/\/symbiosenormandie.fr\/index.php\/wp-json\/wp\/v2\/product_tag?post=290"}],"curies":[{"name":"wp","href":"https:\/\/api.w.org\/{rel}","templated":true}]}}