{"id":175,"date":"2023-03-11T17:42:08","date_gmt":"2023-03-11T16:42:08","guid":{"rendered":"https:\/\/symbiosenormandie.fr\/?post_type=product&#038;p=175"},"modified":"2023-03-11T17:42:48","modified_gmt":"2023-03-11T16:42:48","slug":"epine-vinette","status":"publish","type":"product","link":"https:\/\/symbiosenormandie.fr\/index.php\/produit\/epine-vinette\/","title":{"rendered":"\u00c9pine Vinette"},"content":{"rendered":"<p><i>Berberis<\/i>, nom arabe du fruit de la plante ; il signifierait <i>coquille<\/i> car les p\u00e9tales creux sont en forme de coquille. <i>Vinette<\/i> est le nom vulgaire de l&rsquo;oseille dont les feuilles rappellent le go\u00fbt.<\/p>\n<p>L&rsquo;\u00e9pine-vinette est un arbuste caduc \u00e0 semi-persistant, \u00e9pineux, tr\u00e8s ramifi\u00e9, atteignant 1,5 \u00e0 3 m\u00e8tres de haut. Ses rameaux jaun\u00e2tres et rid\u00e9s portent des \u00e9pines trifurqu\u00e9es.<\/p>\n<p>Ses feuilles ovales, finement dentel\u00e9es, glabres, alternes et fascicul\u00e9es, sont vert clair au-dessus et glauques au revers. Les fruits sont des baies rouges, plus ou moins <a href=\"https:\/\/fr.wikipedia.org\/wiki\/Pruine\">pruineuses<\/a>, mesurant g\u00e9n\u00e9ralement de 7 \u00e0 12 mm de long et de 3 \u00e0 5 mm de large. Les grappes portent g\u00e9n\u00e9ralement de huit \u00e0 quinze baies. La production des fruits a tendance \u00e0 alterner. Les fruits, d\u00e9pourvus de toxicit\u00e9, sont parfois utilis\u00e9s pour pr\u00e9parer des gel\u00e9es, confitures ou boissons.<\/p>\n<p>Sa long\u00e9vit\u00e9 est de 25 \u00e0 50 ans.<\/p>\n<p>Cette plante est mellif\u00e8re (nectar et pollen)<\/p>\n","protected":false},"excerpt":{"rendered":"<p><i>Berberis vulgaris<\/i> (famille: <strong>Cornac\u00e9es<\/strong>)<\/p>\n","protected":false},"featured_media":219,"comment_status":"open","ping_status":"closed","template":"","meta":[],"product_brand":[],"product_cat":[37],"product_tag":[],"class_list":{"0":"post-175","1":"product","2":"type-product","3":"status-publish","4":"has-post-thumbnail","6":"product_cat-arbres-fruitiers","8":"first","9":"outofstock","10":"shipping-taxable","11":"purchasable","12":"product-type-simple"},"jetpack_sharing_enabled":true,"_links":{"self":[{"href":"https:\/\/symbiosenormandie.fr\/index.php\/wp-json\/wp\/v2\/product\/175","targetHints":{"allow":["GET"]}}],"collection":[{"href":"https:\/\/symbiosenormandie.fr\/index.php\/wp-json\/wp\/v2\/product"}],"about":[{"href":"https:\/\/symbiosenormandie.fr\/index.php\/wp-json\/wp\/v2\/types\/product"}],"replies":[{"embeddable":true,"href":"https:\/\/symbiosenormandie.fr\/index.php\/wp-json\/wp\/v2\/comments?post=175"}],"wp:featuredmedia":[{"embeddable":true,"href":"https:\/\/symbiosenormandie.fr\/index.php\/wp-json\/wp\/v2\/media\/219"}],"wp:attachment":[{"href":"https:\/\/symbiosenormandie.fr\/index.php\/wp-json\/wp\/v2\/media?parent=175"}],"wp:term":[{"taxonomy":"product_brand","embeddable":true,"href":"https:\/\/symbiosenormandie.fr\/index.php\/wp-json\/wp\/v2\/product_brand?post=175"},{"taxonomy":"product_cat","embeddable":true,"href":"https:\/\/symbiosenormandie.fr\/index.php\/wp-json\/wp\/v2\/product_cat?post=175"},{"taxonomy":"product_tag","embeddable":true,"href":"https:\/\/symbiosenormandie.fr\/index.php\/wp-json\/wp\/v2\/product_tag?post=175"}],"curies":[{"name":"wp","href":"https:\/\/api.w.org\/{rel}","templated":true}]}}