{"id":167,"date":"2023-03-11T17:42:07","date_gmt":"2023-03-11T16:42:07","guid":{"rendered":"https:\/\/symbiosenormandie.fr\/?post_type=product&#038;p=167"},"modified":"2023-03-11T17:42:34","modified_gmt":"2023-03-11T16:42:34","slug":"citronnier-bergamote","status":"publish","type":"product","link":"https:\/\/symbiosenormandie.fr\/index.php\/produit\/citronnier-bergamote\/","title":{"rendered":"Citronnier Bergamote"},"content":{"rendered":"<p><span style=\"font-weight: 400;\">Le feuillage est persistant en zone hors gel, vert tendre \u00e0 fonc\u00e9.Floraison blanche odorante au printemps (selon climat), r\u00e9colte automne\/hiver<\/span><\/p>\n<p><span style=\"font-weight: 400;\">Ce fruit ressemble \u00e0 une petite orange \u00e0 la chair verd\u00e2tre et \u00e0 la peau lisse et \u00e9paisse, de couleur jaune \u00e0 maturit\u00e9. Sa chair est l\u00e9g\u00e8rement acide et am\u00e8re, on emploie uniquement le zeste. Exposition: Soleil, attention \u00e0 ne pas sortir directement en plein soleil au printemps. Sol: Drainant, apport de compost r\u00e9guli\u00e8rement. Entretien: Taille r\u00e9guli\u00e8re, arrosage fr\u00e9quent en laissant s\u00e9cher entre les arrosages<\/span><\/p>\n<p><span style=\"font-weight: 400;\">Le fruit est r\u00e9colt\u00e9 pour l&rsquo;huile au parfum \u00ab suave et piquant \u00bb, dit Gallesio1, contenu dans son \u00e9corce. Celle-ci est utilis\u00e9e pour moiti\u00e9 dans le domaine alimentaire et pour moiti\u00e9 en parfumerie-cosm\u00e9tique.<\/span><\/p>\n<p><span style=\"font-weight: 400;\">L&rsquo;essence de bergamote est utilis\u00e9e dans :l&rsquo;eau de Cologne ; le th\u00e9 (Earl Grey et Lady Grey) ; les bergamotes de Nancy (bonbons) ;confite, c&rsquo;est un ingr\u00e9dient du tajine marocain ;certaines cr\u00e8mes solaires anciennes (voir paragraphe \u00ab Propri\u00e9t\u00e9s th\u00e9rapeutiques \u00bb) ; comme agent mutag\u00e8ne pour la recherche g\u00e9n\u00e9tique.<\/span><\/p>\n","protected":false},"excerpt":{"rendered":"<p><i>Citrus bergamia<\/i> (famille: <span style=\"font-weight: 400;\"><strong>Rutac\u00e9es<\/strong>)<\/span><\/p>\n","protected":false},"featured_media":202,"comment_status":"open","ping_status":"closed","template":"","meta":[],"product_brand":[],"product_cat":[37],"product_tag":[],"class_list":{"0":"post-167","1":"product","2":"type-product","3":"status-publish","4":"has-post-thumbnail","6":"product_cat-arbres-fruitiers","8":"first","9":"outofstock","10":"shipping-taxable","11":"purchasable","12":"product-type-simple"},"jetpack_sharing_enabled":true,"_links":{"self":[{"href":"https:\/\/symbiosenormandie.fr\/index.php\/wp-json\/wp\/v2\/product\/167","targetHints":{"allow":["GET"]}}],"collection":[{"href":"https:\/\/symbiosenormandie.fr\/index.php\/wp-json\/wp\/v2\/product"}],"about":[{"href":"https:\/\/symbiosenormandie.fr\/index.php\/wp-json\/wp\/v2\/types\/product"}],"replies":[{"embeddable":true,"href":"https:\/\/symbiosenormandie.fr\/index.php\/wp-json\/wp\/v2\/comments?post=167"}],"wp:featuredmedia":[{"embeddable":true,"href":"https:\/\/symbiosenormandie.fr\/index.php\/wp-json\/wp\/v2\/media\/202"}],"wp:attachment":[{"href":"https:\/\/symbiosenormandie.fr\/index.php\/wp-json\/wp\/v2\/media?parent=167"}],"wp:term":[{"taxonomy":"product_brand","embeddable":true,"href":"https:\/\/symbiosenormandie.fr\/index.php\/wp-json\/wp\/v2\/product_brand?post=167"},{"taxonomy":"product_cat","embeddable":true,"href":"https:\/\/symbiosenormandie.fr\/index.php\/wp-json\/wp\/v2\/product_cat?post=167"},{"taxonomy":"product_tag","embeddable":true,"href":"https:\/\/symbiosenormandie.fr\/index.php\/wp-json\/wp\/v2\/product_tag?post=167"}],"curies":[{"name":"wp","href":"https:\/\/api.w.org\/{rel}","templated":true}]}}