{"id":163,"date":"2023-03-11T17:42:06","date_gmt":"2023-03-11T16:42:06","guid":{"rendered":"https:\/\/symbiosenormandie.fr\/?post_type=product&#038;p=163"},"modified":"2025-01-13T17:05:53","modified_gmt":"2025-01-13T16:05:53","slug":"cassis","status":"publish","type":"product","link":"https:\/\/symbiosenormandie.fr\/index.php\/produit\/cassis\/","title":{"rendered":"Cassis"},"content":{"rendered":"<p><span style=\"font-weight: 400;\">Le fruit est traditionnellement utilis\u00e9 pour ses propri\u00e9t\u00e9s <\/span><span style=\"font-weight: 400;\">m\u00e9dicinales<\/span><span style=\"font-weight: 400;\">, ainsi que comme <\/span><span style=\"font-weight: 400;\">aliment<\/span><span style=\"font-weight: 400;\">, et comme <\/span><span style=\"font-weight: 400;\">aromate<\/span><span style=\"font-weight: 400;\"> de plats et boissons, notamment dans la fameuse <\/span><a href=\"https:\/\/fr.wikipedia.org\/wiki\/Cr%C3%A8me_de_cassis\"><span style=\"font-weight: 400;\">cr\u00e8me de cassis<\/span><\/a><span style=\"font-weight: 400;\">. Il est riche en <\/span><span style=\"font-weight: 400;\">vitamine C<\/span><span style=\"font-weight: 400;\"> et en <\/span><span style=\"font-weight: 400;\">polyph\u00e9nol<\/span><span style=\"font-weight: 400;\">.<\/span><\/p>\n<p><span style=\"font-weight: 400;\">Les principaux pays producteurs sont l&rsquo;<\/span><span style=\"font-weight: 400;\">\u00c9cosse<\/span><span style=\"font-weight: 400;\">, la <\/span><span style=\"font-weight: 400;\">Pologne<\/span><span style=\"font-weight: 400;\">, la <\/span><span style=\"font-weight: 400;\">Lituanie<\/span><span style=\"font-weight: 400;\">, la <\/span><span style=\"font-weight: 400;\">Norv\u00e8ge<\/span><span style=\"font-weight: 400;\">, la <\/span><span style=\"font-weight: 400;\">France<\/span><span style=\"font-weight: 400;\"> et la <\/span><span style=\"font-weight: 400;\">Nouvelle-Z\u00e9lande<\/span><\/p>\n<p><span style=\"font-weight: 400;\">Les cassis sont des <\/span><span style=\"font-weight: 400;\">baies<\/span><span style=\"font-weight: 400;\"> le plus souvent noires formant des <\/span><span style=\"font-weight: 400;\">grappes pulpeuses,<\/span><span style=\"font-weight: 400;\"> \u00e0 la <\/span><span style=\"font-weight: 400;\">peau<\/span><span style=\"font-weight: 400;\"> lisse, fortement aromatiques, surmont\u00e9es des restes des <\/span><a href=\"https:\/\/fr.wikipedia.org\/wiki\/Calice_(botanique)\"><span style=\"font-weight: 400;\">calices<\/span><\/a><span style=\"font-weight: 400;\"> des <\/span><span style=\"font-weight: 400;\">fleurs<\/span><span style=\"font-weight: 400;\"> dont ils sont issus. Le cassis est utilis\u00e9 principalement par les industries de transformation (<\/span><span style=\"font-weight: 400;\">liqueur<\/span><span style=\"font-weight: 400;\">, <\/span><span style=\"font-weight: 400;\">sirop<\/span><span style=\"font-weight: 400;\">, <\/span><span style=\"font-weight: 400;\">gel\u00e9e<\/span><span style=\"font-weight: 400;\">, <\/span><span style=\"font-weight: 400;\">parfum<\/span><span style=\"font-weight: 400;\">). Son jus aigrelet est \u00e9pais, tirant sur le violet. Il est riche en <\/span><span style=\"font-weight: 400;\">tanins<\/span><span style=\"font-weight: 400;\">, en <\/span><span style=\"font-weight: 400;\">ar\u00f4mes<\/span><span style=\"font-weight: 400;\">, en <\/span><span style=\"font-weight: 400;\">vitamine C2<\/span><span style=\"font-weight: 400;\"> et en <\/span><span style=\"font-weight: 400;\">vitamine C<\/span><span style=\"font-weight: 400;\"> (de 100 \u00e0 300 mg\/100 g).<\/span><\/p>\n","protected":false},"excerpt":{"rendered":"<p><strong>Ribes nigrum<\/strong> (famille: <span style=\"font-weight: 400;\">Grossulariac\u00e9es), v<\/span>ari\u00e9t\u00e9s propos\u00e9es: <strong>ANDEGA<\/strong>, <strong>BLACKDOWN<\/strong>, <strong>NOIR de BOURGOGNE<\/strong><\/p>\n","protected":false},"featured_media":190,"comment_status":"open","ping_status":"closed","template":"","meta":[],"product_brand":[],"product_cat":[37],"product_tag":[],"class_list":{"0":"post-163","1":"product","2":"type-product","3":"status-publish","4":"has-post-thumbnail","6":"product_cat-arbres-fruitiers","8":"first","9":"instock","10":"shipping-taxable","11":"purchasable","12":"product-type-simple"},"jetpack_sharing_enabled":true,"_links":{"self":[{"href":"https:\/\/symbiosenormandie.fr\/index.php\/wp-json\/wp\/v2\/product\/163","targetHints":{"allow":["GET"]}}],"collection":[{"href":"https:\/\/symbiosenormandie.fr\/index.php\/wp-json\/wp\/v2\/product"}],"about":[{"href":"https:\/\/symbiosenormandie.fr\/index.php\/wp-json\/wp\/v2\/types\/product"}],"replies":[{"embeddable":true,"href":"https:\/\/symbiosenormandie.fr\/index.php\/wp-json\/wp\/v2\/comments?post=163"}],"wp:featuredmedia":[{"embeddable":true,"href":"https:\/\/symbiosenormandie.fr\/index.php\/wp-json\/wp\/v2\/media\/190"}],"wp:attachment":[{"href":"https:\/\/symbiosenormandie.fr\/index.php\/wp-json\/wp\/v2\/media?parent=163"}],"wp:term":[{"taxonomy":"product_brand","embeddable":true,"href":"https:\/\/symbiosenormandie.fr\/index.php\/wp-json\/wp\/v2\/product_brand?post=163"},{"taxonomy":"product_cat","embeddable":true,"href":"https:\/\/symbiosenormandie.fr\/index.php\/wp-json\/wp\/v2\/product_cat?post=163"},{"taxonomy":"product_tag","embeddable":true,"href":"https:\/\/symbiosenormandie.fr\/index.php\/wp-json\/wp\/v2\/product_tag?post=163"}],"curies":[{"name":"wp","href":"https:\/\/api.w.org\/{rel}","templated":true}]}}