{"id":158,"date":"2023-03-11T17:42:05","date_gmt":"2023-03-11T16:42:05","guid":{"rendered":"https:\/\/symbiosenormandie.fr\/?post_type=product&#038;p=158"},"modified":"2024-10-17T08:42:57","modified_gmt":"2024-10-17T06:42:57","slug":"arbre-a-miel","status":"publish","type":"product","link":"https:\/\/symbiosenormandie.fr\/index.php\/produit\/arbre-a-miel\/","title":{"rendered":"Arbre \u00e0 miel"},"content":{"rendered":"<p><span style=\"font-weight: 400;\">L&rsquo;arbre \u00e0 miel <\/span><span style=\"font-weight: 400;\">est un arbre rustique \u00e0 croissance rapide qui offre un port \u00e9tal\u00e9.\u00a0<\/span><\/p>\n<p><span style=\"font-weight: 400;\">Il r\u00e9siste bien \u00e0 la s\u00e9cheresse ainsi qu&rsquo;aux environnements o\u00f9 la pollution atmosph\u00e9rique s\u00e9vit. Ses feuilles sont caduques et mesurent jusqu&rsquo;\u00e0 50 cm de long. Elles sont penn\u00e9es, luisantes et peuvent compter jusqu&rsquo;\u00e0 11 folioles elliptiques, ovales ou lanc\u00e9ol\u00e9s, de couleur vert fonc\u00e9 virant au jaune \u00e0 l&rsquo;automne. Les abeilles, elles, sont tr\u00e8s attir\u00e9es par les fleurs extr\u00eamement nectarif\u00e8res et mellif\u00e8res, ce qui explique qu&rsquo;on l&rsquo;appelle \u00ab\u00a0arbre \u00e0 miel\u00a0\u00bb.\u00a0<\/span><\/p>\n<p>&nbsp;<\/p>\n<p><strong><u>Pr\u00e9sentation<\/u> <\/strong><\/p>\n<p>Nom latin : Tetradium daniellii<\/p>\n<p>Autres noms communs : Euodia, arbre aux cent-mille fleurs<\/p>\n<p>Famille botanique : Rutaceae<\/p>\n<p>&nbsp;<\/p>\n<p><strong><u>Caract\u00e9ristiques<\/u><\/strong><strong> :<\/strong><\/p>\n<p>Taille et croissance : 12 \u00e0 15 m\u00e8tres, croissance rapide.<\/p>\n<p>Port : \u00c9tal\u00e9.<\/p>\n<p>Feuillage : Caduc, feuilles compos\u00e9es.<\/p>\n<p>Floraison : En juin-juillet, fleurs en panicules blanches parfum\u00e9es.<\/p>\n<p>&nbsp;<\/p>\n<p><strong>Utilisation(s)\/int\u00e9r\u00eat(s) :<\/strong><\/p>\n<p>-Tr\u00e8s mellif\u00e8re et nectarif\u00e8re.<\/p>\n<p>-Petites baies attractives pour les oiseaux.<\/p>\n<p>&nbsp;<\/p>\n<p><strong><u>Conditions de culture<\/u><\/strong><strong> :<\/strong><\/p>\n<p>Rusticit\u00e9 : -20\u00b0C<\/p>\n<p>Type de sol : Tout type de sol bien drain\u00e9.<\/p>\n<p>Exposition\/vent : Ensoleill\u00e9e ou mi-ombre, moyennement r\u00e9sistant au vent.<\/p>\n<p>Besoins en eau : Supporte la s\u00e9cheresse une fois implant\u00e9<\/p>\n<p>Taille : Peut \u00eatre taill\u00e9 en c\u00e9p\u00e9e.<\/p>\n","protected":false},"excerpt":{"rendered":"<p><i>\u00a0<\/i><\/p>\n","protected":false},"featured_media":180,"comment_status":"open","ping_status":"closed","template":"","meta":[],"product_brand":[],"product_cat":[37,35],"product_tag":[],"class_list":{"0":"post-158","1":"product","2":"type-product","3":"status-publish","4":"has-post-thumbnail","6":"product_cat-arbres-fruitiers","7":"product_cat-mellifere","9":"first","10":"instock","11":"shipping-taxable","12":"purchasable","13":"product-type-simple"},"jetpack_sharing_enabled":true,"_links":{"self":[{"href":"https:\/\/symbiosenormandie.fr\/index.php\/wp-json\/wp\/v2\/product\/158","targetHints":{"allow":["GET"]}}],"collection":[{"href":"https:\/\/symbiosenormandie.fr\/index.php\/wp-json\/wp\/v2\/product"}],"about":[{"href":"https:\/\/symbiosenormandie.fr\/index.php\/wp-json\/wp\/v2\/types\/product"}],"replies":[{"embeddable":true,"href":"https:\/\/symbiosenormandie.fr\/index.php\/wp-json\/wp\/v2\/comments?post=158"}],"wp:featuredmedia":[{"embeddable":true,"href":"https:\/\/symbiosenormandie.fr\/index.php\/wp-json\/wp\/v2\/media\/180"}],"wp:attachment":[{"href":"https:\/\/symbiosenormandie.fr\/index.php\/wp-json\/wp\/v2\/media?parent=158"}],"wp:term":[{"taxonomy":"product_brand","embeddable":true,"href":"https:\/\/symbiosenormandie.fr\/index.php\/wp-json\/wp\/v2\/product_brand?post=158"},{"taxonomy":"product_cat","embeddable":true,"href":"https:\/\/symbiosenormandie.fr\/index.php\/wp-json\/wp\/v2\/product_cat?post=158"},{"taxonomy":"product_tag","embeddable":true,"href":"https:\/\/symbiosenormandie.fr\/index.php\/wp-json\/wp\/v2\/product_tag?post=158"}],"curies":[{"name":"wp","href":"https:\/\/api.w.org\/{rel}","templated":true}]}}